**3 + 9*o**2 + 9*o - 2. Let t(p) = -4*f(p) - 9*n(p). What is t(-12)?
14
Suppose 0 = o + 2*k + 1, 2*o + 2*k = -3*k - 1. Let y(f) = -f**2 - 3*f + 2. Determine y(o).
2
Let w(a) = 1 + 62*a**3 + a - a**2 - 32*a**3 - 29*a**3. Let v(j) = -2*j + 0*j + 2*j**2 - 3*j**2. Let q be v(-2). Give w(q).
1
Let j(v) = -v**3 + 6*v**2 + v - 4. Let r be j(6). Let s(p) = p**2 - 2*p - 3. Let c be s(-1). Let w(f) = f**r - f - 3 + 2 + c - 4. What is w(0)?
-5
Let r(i) = 5*i + 1. Let s(o) = -15*o + 18. Let z(a) = -r(a) - s(a). What is z(6)?
41
Suppose 2 = 2*j - q, 2*j + 5 = 7*j + 3*q. Let l(i) = j - 5*i + 4*i - i. Calculate l(1).
-1
Let c(y) = -y**2 + 4. Let l(j) = 7*j - 60. Let q be l(9). Give c(q).
-5
Let z(d) = d**2 - 7*d - 5. Suppose 8*i + 27 = 75. Suppose v + i = 2*v. Calculate z(v).
-11
Let i = 1418 - 1417. Let f(d) = d. What is f(i)?
1
Let g(q) = -q**3 + 6*q**2 - 4*q - 6. Let n(u) = 7*u - 2. Suppose -3*j = h - 7, -j + 14 = j + 3*h. Let t be n(j). Calculate g(t).
-1
Let s(l) = -l + 4. Let d(n) = n - 5. Let j(z) = -6*d(z) - 7*s(z). Let f be 3*((-3)/9 - -1). Suppose f*c - 7*c = -30. Give j(c).
8
Let t(u) = u**3 + 6*u**2 + 8*u - 1. Let f = 1104 + -1108. Determine t(f).
-1
Suppose 4*q = -4, -5*z = -3*z - q - 21. Let w(h) = h**2 - 7*h - 14. What is w(z)?
16
Suppose -5*n - 9 = 6. Suppose 4*v - 22 = -2*s, 8 = -2*s + 2*v - 0. Let y(b) = -3*b + b**3 + 4*b**2 + 3*b + s. Give y(n).
10
Let l(p) = p + 9. Let d be 5/(-2) + 4 - 66/4. What is l(d)?
-6
Let b(r) = 468*r**2 + 3 + 4*r - 236*r**2 + 0 - 233*r**2. Determine b(5).
-2
Suppose 4*p = -3*k + 37, 5*p - 2*k = 38 - 9. Let y(f) = p - 13 + f + 1 + 6. Calculate y(-5).
-4
Suppose -3*i + 22 = -c, i + 1 - 35 = 3*c. Let v(k) = 3*k + 33. Determine v(c).
3
Let u be (-5)/5 + -6 + 7 + 9. Let d(z) = 2*z**3 - 16*z**2 - 21*z + 22. Determine d(u).
-5
Let a(q) = -q**3 - 4*q**2 - 2*q - 7. Let c(d) = 2*d**3 + 11*d**2 - 5*d - 53. Let g be c(-5). Calculate a(g).
-10
Let s(u) = u**2 + 11*u + 36. Let z be s(-6). Let l(q) = q**2 - 3*q - 22. Calculate l(z).
-4
Let w(z) = 11*z**3 + 6*z**2 - 10*z + 1. Let t(o) = 2*o**3 + 2*o**2 - o. Let v(u) = 6*t(u) - w(u). What is v(-4)?
15
Let w(j) = -j**2 + 3*j + 5. Let i be w(4). Suppose 2*n - 1 - i = 0. Let k(l) = 2*l**2 - n - l + 3*l + 2 - l. Calculate k(-1).
2
Suppose -5*j - 2*x - 4 = 2, -j - 5*x = -8. Let d(z) be the first derivative of -1/4*z**4 + z - 4/3*z**3 - z**2 + 1. Give d(j).
-3
Let s(l) = l - 9. Let r(o) = o**2 + 5*o + 2. Let x be r(-5). Suppose 27 + 0 = 4*j - m, 3*m - 3 = -x*j. Let u(g) = g. Let y be u(j). Determine s(y).
-3
Let l = -1657 + 1655. Let y(c) = -7*c - 2. Let s(q) = -q. Let j(i) = 2*s(i) + y(i). Calculate j(l).
16
Let t be -9*((-4)/3)/2. Let j(x) be the first derivative of -2*x**2 - 4*x + 1/3*x**3 - 3. Calculate j(t).
8
Let y(p) = -p**2 + 8*p - 9. Let c be y(5). Suppose -c = 5*q - 141. Let w(b) = q*b**2 - 3 + 2*b - 4 - 26*b**2. Calculate w(-5).
8
Let m(t) = 10*t**2 - 12*t + 4. Let x(a) = -7*a**2 + 8*a - 3. Let w(k) = -5*m(k) - 7*x(k). What is w(4)?
1
Suppose -14*u + 20*u + 18 = 0. Let f = 6 + -3. Let c(b) = -4 - 2*b**2 + 11*b**f - b**2 - 12*b**3 + b. Determine c(u).
-7
Let l(q) = -q**2 - q - 4. Suppose 4*z - 6*z + 5*p + 1 = 0, -5*z + 13 = -2*p. What is l(z)?
-16
Let h(d) be the second derivative of d**5/20 + 3*d**4/2 + 17*d**3/6 + d**2/2 - d - 219. Calculate h(-17).
1
Let x(z) be the third derivative of z**4/8 - z**3/3 + 15*z**2 + 1. Determine x(2).
4
Let l(a) be the third derivative of -a**4/12 - a**3/2 + a**2. Let n = 839 + -846. Give l(n).
11
Let d(j) = j - 1 + j**2 + 3 - 6. Let p be d(2). Let x(a) = -7 + 4 + p + 3*a**3. Give x(1).
2
Let i(f) be the second derivative of f**4/12 - 7*f**3/6 - 3*f**2 - 61*f. Determine i(7).
-6
Let h(j) = -7*j - 1. Let v = -41 + 45. Suppose -3*s + 7*s = -v. Determine h(s).
6
Let w(y) be the first derivative of -y**3/6 + y**2/2 - 23*y + 29. Let p(q) be the first derivative of w(q). What is p(5)?
-4
Suppose 0 = -18*y + 22*y. Suppose y = -6*c + 9*c - 6. Let s(x) = 1 - c + 2 - 7*x + 6*x. What is s(-1)?
2
Suppose 2*q + n = 5, 4*n - n + 5 = -2*q. Let i(w) = -w**2 + 8*w - 9. Calculate i(q).
6
Let n be 4*2*45/60. Let c(s) be the third derivative of s**2 + 0 - 1/20*s**5 + 1/12*s**4 - 1/6*s**3 + 1/120*s**n + 0*s. What is c(3)?
5
Let b(o) = o**3 + o**2 - 57*o + 12. Let x be b(7). Let q(c) = c**3 - 6*c**2 - c - 3. Calculate q(x).
-33
Let u(l) = 4*l**2 + 2*l - 1. Let x(a) = 11*a**2 + 5*a - 3. Let r(d) = 8*u(d) - 3*x(d). Let h = 29 - 13. Suppose -p - 2*k = 5 + 4, -4*p = -5*k - h. What is r(p)?
-1
Let j(a) be the first derivative of a**2/2 - 2*a + 270. Determine j(5).
3
Let z(q) = -q**3 + q - 4. Let c be 2 + (-2)/((-3)/(-3)). Suppose 2*b = -3*x + 10, -3*x + 6*b - 2*b - 20 = c. Determine z(x).
-4
Let k(t) be the first derivative of t**4/4 - 7*t**3/3 + 3*t**2 - t - 1. Let x(p) = -4*p - 10. Suppose -3*o = 18 - 6. Let s be x(o). What is k(s)?
-1
Let m(t) = t**3 - 7*t**2 + 6*t + 3. Let v = 33 - 28. Suppose -2*b = 2*a - 14, 4 = 3*a - v*b - 9. What is m(a)?
3
Let y = 42 + -71. Let b = 26 + y. Let s(l) = l + 5. Determine s(b).
2
Let y(c) = c**3 - 4*c**2 + c - 5. Suppose 425 = -2*l + 433. What is y(l)?
-1
Let r(y) = y - 5. Let i(x) = x**3 + 5*x**2 + 9*x + 15. Let s be i(-3). Determine r(s).
1
Let s(o) = o**2 + 4*o - 3. Suppose 2*d + 5*t - 8 = 0, 2 = 5*d + 2*t + 3. Let i be 0/d - 5/1. Give s(i).
2
Let a(d) = -3*d**2 + 4*d - 12. Let v(l) = -l**2 + 3*l - 6. Let x(f) = -2*a(f) + 5*v(f). Determine x(-10).
24
Let i = -323 + 324. Let f(h) = 6*h**2 + 2*h. Determine f(i).
8
Let a(c) = -c - 11. Let t(l) = -8*l - 35. Let z(s) = 6*a(s) - 2*t(s). Calculate z(-1).
-6
Let o(a) be the third derivative of 3*a**6/40 + a**3/6 - 13*a**2. Let k(f) = -13*f + 66. Let m be k(5). What is o(m)?
10
Let v be 8*(-7)/(-14)*-1. Let y(n) = -n**3 - 3*n**2 + n + 5. What is y(v)?
17
Let q(h) = -3*h - 4. Let y(x) = -7*x - 9. Let s be 1 + -3 + -3 + 0. Let a(b) = s*q(b) + 2*y(b). Calculate a(-5).
-3
Let l = 16 - 12. Suppose 0 = -5*h + l*s + 5, 2*s + 2 - 12 = 0. Let c(z) = -z - h + 4 + 0*z. What is c(-5)?
4
Suppose -2*q + 5 = 4*d - d, 0 = 5*q - d - 38. Let a(m) be the second derivative of 3*m - 3/2*m**3 + 1/12*m**4 + 1/2*m**2 + 5. Give a(q).
-13
Suppose -5*s - 21 = -3*u, -4*u + 0*u + 5 = s. Let b(c) = 4*c**u + 10*c**2 - 13*c**2 + 2*c - 1. What is b(3)?
14
Let p be (3 - 2)/((-2)/6). Let b(j) be the third derivative of j**6/120 + j**5/15 - j**3/3 - 68*j**2. Determine b(p).
7
Let q(k) = k**2 - 11. Let l be (-11)/3 - (-10)/15. Let n be l + ((-2)/2 - -4). What is q(n)?
-11
Let r(u) = u**3 + 4*u**2 + 2*u - 4. Let y = -7 - -4. What is r(y)?
-1
Let w(m) = -m**2 - 5*m + 3. Let o be (1 - 0 - 4)/(-1). Determine w(o).
-21
Suppose -7*n = b - 2*n - 7, -5*n - 3 = -4*b. Let m(a) = -6*a**2 - b*a + 5*a**2 + 7 + 7*a. What is m(7)?
-7
Suppose 5*v + 18 = -j, 2 + 13 = -5*j. Let m(b) be the third derivative of 1/6*b**3 + 0 - 1/60*b**5 + 0*b - 1/12*b**4 + 29*b**2. Determine m(v).
-2
Let v(g) = 4*g + 1. Let c(l) = -18*l + 5. Let d be c(0). What is v(d)?
21
Let d(x) = -x - 53. Let y(s) = 7*s + 419. Let p(h) = 8*d(h) + y(h). Let r(b) = -b**2 - 7*b - 6. Let c be r(-4). Determine p(c).
-11
Let r(h) = h**3 - h**2 + h - 5. Let y be 0*4/12*-1. Let p be -1*30/(-1 + y). Let o = -30 + p. What is r(o)?
-5
Let q(u) = u**2 + 2*u + 19. Suppose 2*t + 4*o - 8 = 0, 3*o - 10 = 3*t - 4. Calculate q(t).
19
Let s be (-1)/1 + (2 - 38). Let i = -16 - s. Let b be (-135)/35 - 3/i. Let w(v) = -3*v + 1. What is w(b)?
13
Let z(h) = h**2. Suppose 63 = 4*c - c. Suppose -5*s + 0*k - c = 3*k, 5*k = -s - 13. Determine z(s).
9
Let y(z) = -z**3 - 6*z**2 + 5*z - 6. Suppose -3*o = 5*j + 16, 25*o - 3*j = 29*o + 25. What is y(o)?
8
Suppose g = -3*g - 12. Let r(p) = -p + 5*p - 105921 + 105923 + p**2 + 0*p. What is r(g)?
-1
Suppose -2*a - 116 = -122. Let j(o) = o**3 - 2*o**2 - 3*o - 4. Determine j(a).
-4
Suppose -3*n - 3*n - 24 = 0. Let c be 2 + 0 + n - -2. Let g(j) = j**2 + j - 16. Determine g(c).
-16
Let y(c) = c**3 - 5*c**2 - 3*c + 4. Let w be (-28)/(-126) + 260/45. What is y(w)?
22
Let w(b) = -2*b - 7*b**2 + b**3 - 9 - 7*b + 11*b. Let n(j) = j - 7. Let o be n(14). Calculate w(o).
5
Let c be (-3)/18 + 2/(48/(-116)). Let d(y) = y**2 - 17. Determine d(c).
8
Suppose -2*l = -3 + 5. Suppose -2*p - 25 = -7*p. Let d(a) = -2*a**2 - a - 4*a**2 + p*a**2. Determine d(l).
0
Let k(t) = 10*